{"id":27,"date":"2021-02-15T15:46:51","date_gmt":"2021-02-15T15:46:51","guid":{"rendered":"https:\/\/ventilacionindustrial.net\/web\/about\/"},"modified":"2024-02-25T04:01:45","modified_gmt":"2024-02-25T04:01:45","slug":"quienes_somos","status":"publish","type":"page","link":"https:\/\/ventilacionindustrial.net\/web\/quienes_somos\/","title":{"rendered":"Quienes Somos"},"content":{"rendered":"\n\nQuienes Somos\n\n\n\n\n\n\n\n\n\n\n\n\n\n\n<p>quienes Somos<\/p>\nEspecialistas en refrigeraci\u00f3n y ventilaci\u00f3n Industrial\n\n<p>Suministros y servicios industriales &#8211; Sumservis SAS<\/p><p><br><\/p><p>Somos una empresa colombiana, fundada en el a\u00f1o 1999 en la ciudad de Melgar &#8211; Tolima, creada con el objetivo de generar empleo y satisfacer la creciente demanda de soluciones de ventilaci\u00f3n para todo tipo de industrias.<\/p><p><br><\/p><p>Actualmente contamos con sedes en Ibagu\u00e9 &#8211; Tolima y Bogot\u00e1 D.C.<\/p>\n\n\n\n\nConvertimos tus ideas en realidad\n\n<p style=\"text-align: center; \">Somos un equipo multidisciplinario, especialmente conformado para satisfacer las necesidades espec\u00edficas de nuestros clientes.<\/p><p style=\"text-align: center; \">Si tienes un proyecto de dise\u00f1o, suministro, instalaci\u00f3n o mantenimiento en alguna de nuestras categor\u00edas no dudes en contactarnos. D\u00e9janos tus datos y pronto un asesor se comunicar\u00e1 para agendar una visita.<\/p>\n\n\n\n\n\nNuestra misi\u00f3n visi\u00f3n y objetivos\n\n\n\n<p><span style=\"font-size: 14px\">Satisfacer totalmente las necesidades de los clientes brindando un servicio con la mejor calidad, tiempo de respuesta y atenci\u00f3n personalizada, mediante un excelente grupo de profesionales, t\u00e9cnicos y personal administrativo en el campo del aire acondicionado, ventilaci\u00f3n mec\u00e1nica y refrigeraci\u00f3n comercial para garantizar el mejoramiento continuo.&nbsp;<\/span><\/p>\n\n\n<p><span style=\"font-size: 14px\">A 2029 ser l\u00edderes en el mercado nacional y ser reconocidos en el gremio HVAC como la mejor empresas de servicios debido a nuestras soluciones innovadoras, atenci\u00f3n personalizada y la calidad de la asesor\u00eda entregada para garantizar la satisfacci\u00f3n de nuestros clientes en todos los proyectos.<\/span><\/p>\n\n\n<p><span style=\"font-size: 14px\"><b>Prontitud: <\/b>Ofrecemos prontitud y confianza a nuestros clientes disminuyendo al m\u00e1ximo el tiempo de respuesta de nuestros compromisos.<\/span><\/p><p><span style=\"font-size: 14px\"><b>Labor:<\/b> Nuestra labor est\u00e1 dirigida con la m\u00e1s alta tecnolog\u00eda disponible en el mercado, contamos con proveedores de prestigio a nivel nacional e internacional.<\/span><\/p><p><span style=\"font-size: 14px\"><b>Logros: <\/b>Lograr que las necesidades de mantenimiento de sistemas se cumplan de acuerdo a los cronogramas establecidos.<\/span><\/p>\n\n\n\n\n\n\n\n\n\n\n\n\n\n\n\n\n\n\n\n\nTestimonios\n\n\n\n\n\n<p><span>\u00abEl servicio proporcionado por Sumservis fue oportuno y de muy buena calidad, me gust\u00f3 que tienen especial cuidado con los terminados finales.\u00bb<\/span><span>.&nbsp;<\/span><\/p>\n\n\n<p>\u00abEncargamos la instalaci\u00f3n de los equipos de aire acondicionado en nuestras oficinas con SUMSERVIS SAS y hemos tenido muy buena experiencia hasta ahora, sobre todo con el servicio posventa.\u00bb<br><\/p>\n\n\n<p><span>\u00abEstoy muy contenta con el mantenimiento de los cuartos fr\u00edos que encargamos a la empresa, Muchas gracias por su colaboraci\u00f3n\u00bb<\/span><\/p>\n\n\n","protected":false},"excerpt":{"rendered":"","protected":false},"author":1,"featured_media":0,"parent":0,"menu_order":0,"comment_status":"closed","ping_status":"closed","template":"","meta":{"footnotes":""},"class_list":["post-27","page","type-page","status-publish","hentry"],"yoast_head":"<!-- This site is optimized with the Yoast SEO plugin v16.1.1 - https:\/\/yoast.com\/wordpress\/plugins\/seo\/ -->\n<title>Quienes Somos - SUMSERVIS<\/title>\n<link rel=\"canonical\" href=\"https:\/\/ventilacionindustrial.net\/web\/quienes_somos\/\" \/>\n<meta property=\"og:locale\" content=\"es_ES\" \/>\n<meta property=\"og:type\" content=\"article\" \/>\n<meta property=\"og:title\" content=\"Quienes Somos - SUMSERVIS\" \/>\n<meta property=\"og:url\" content=\"https:\/\/ventilacionindustrial.net\/web\/quienes_somos\/\" \/>\n<meta property=\"og:site_name\" content=\"SUMSERVIS\" \/>\n<meta property=\"article:modified_time\" content=\"2024-02-25T04:01:45+00:00\" \/>\n<meta name=\"twitter:card\" content=\"summary_large_image\" \/>\n<meta name=\"twitter:label1\" content=\"Tiempo de lectura\">\n\t<meta name=\"twitter:data1\" content=\"2 minutos\">\n<script type=\"application\/ld+json\" class=\"yoast-schema-graph\">{\"@context\":\"https:\/\/schema.org\",\"@graph\":[{\"@type\":\"Organization\",\"@id\":\"https:\/\/ventilacionindustrial.net\/web\/#organization\",\"name\":\"SUMSERVIS SAS\",\"url\":\"https:\/\/ventilacionindustrial.net\/web\/\",\"sameAs\":[],\"logo\":{\"@type\":\"ImageObject\",\"@id\":\"https:\/\/ventilacionindustrial.net\/web\/#logo\",\"inLanguage\":\"es\",\"url\":\"https:\/\/ventilacionindustrial.net\/web\/wp-content\/uploads\/2024\/02\/LOGO-SUMSERVIS.jpg\",\"contentUrl\":\"https:\/\/ventilacionindustrial.net\/web\/wp-content\/uploads\/2024\/02\/LOGO-SUMSERVIS.jpg\",\"width\":196,\"height\":61,\"caption\":\"SUMSERVIS SAS\"},\"image\":{\"@id\":\"https:\/\/ventilacionindustrial.net\/web\/#logo\"}},{\"@type\":\"WebSite\",\"@id\":\"https:\/\/ventilacionindustrial.net\/web\/#website\",\"url\":\"https:\/\/ventilacionindustrial.net\/web\/\",\"name\":\"SUMSERVIS Mantenimiento e Instalaci\\u00f3n de Ventilaci\\u00f3n Industrial\",\"description\":\"Ventilaci\\u00f3n Industrial\",\"publisher\":{\"@id\":\"https:\/\/ventilacionindustrial.net\/web\/#organization\"},\"potentialAction\":[{\"@type\":\"SearchAction\",\"target\":\"https:\/\/ventilacionindustrial.net\/web\/?s={search_term_string}\",\"query-input\":\"required name=search_term_string\"}],\"inLanguage\":\"es\"},{\"@type\":\"WebPage\",\"@id\":\"https:\/\/ventilacionindustrial.net\/web\/quienes_somos\/#webpage\",\"url\":\"https:\/\/ventilacionindustrial.net\/web\/quienes_somos\/\",\"name\":\"Quienes Somos - SUMSERVIS\",\"isPartOf\":{\"@id\":\"https:\/\/ventilacionindustrial.net\/web\/#website\"},\"datePublished\":\"2021-02-15T15:46:51+00:00\",\"dateModified\":\"2024-02-25T04:01:45+00:00\",\"breadcrumb\":{\"@id\":\"https:\/\/ventilacionindustrial.net\/web\/quienes_somos\/#breadcrumb\"},\"inLanguage\":\"es\",\"potentialAction\":[{\"@type\":\"ReadAction\",\"target\":[\"https:\/\/ventilacionindustrial.net\/web\/quienes_somos\/\"]}]},{\"@type\":\"BreadcrumbList\",\"@id\":\"https:\/\/ventilacionindustrial.net\/web\/quienes_somos\/#breadcrumb\",\"itemListElement\":[{\"@type\":\"ListItem\",\"position\":1,\"item\":{\"@type\":\"WebPage\",\"@id\":\"https:\/\/ventilacionindustrial.net\/web\/\",\"url\":\"https:\/\/ventilacionindustrial.net\/web\/\",\"name\":\"Portada\"}},{\"@type\":\"ListItem\",\"position\":2,\"item\":{\"@type\":\"WebPage\",\"@id\":\"https:\/\/ventilacionindustrial.net\/web\/quienes_somos\/\",\"url\":\"https:\/\/ventilacionindustrial.net\/web\/quienes_somos\/\",\"name\":\"Quienes Somos\"}}]}]}<\/script>\n<!-- \/ Yoast SEO plugin. -->","_links":{"self":[{"href":"https:\/\/ventilacionindustrial.net\/web\/wp-json\/wp\/v2\/pages\/27","targetHints":{"allow":["GET"]}}],"collection":[{"href":"https:\/\/ventilacionindustrial.net\/web\/wp-json\/wp\/v2\/pages"}],"about":[{"href":"https:\/\/ventilacionindustrial.net\/web\/wp-json\/wp\/v2\/types\/page"}],"author":[{"embeddable":true,"href":"https:\/\/ventilacionindustrial.net\/web\/wp-json\/wp\/v2\/users\/1"}],"replies":[{"embeddable":true,"href":"https:\/\/ventilacionindustrial.net\/web\/wp-json\/wp\/v2\/comments?post=27"}],"version-history":[{"count":13,"href":"https:\/\/ventilacionindustrial.net\/web\/wp-json\/wp\/v2\/pages\/27\/revisions"}],"predecessor-version":[{"id":206,"href":"https:\/\/ventilacionindustrial.net\/web\/wp-json\/wp\/v2\/pages\/27\/revisions\/206"}],"wp:attachment":[{"href":"https:\/\/ventilacionindustrial.net\/web\/wp-json\/wp\/v2\/media?parent=27"}],"curies":[{"name":"wp","href":"https:\/\/api.w.org\/{rel}","templated":true}]}}

Quienes Somos














<p>quienes Somos</p>
Especialistas en refrigeración y ventilación Industrial

<p>Suministros y servicios industriales &#8211; Sumservis SAS</p><p><br></p><p>Somos una empresa colombiana, fundada en el año 1999 en la ciudad de Melgar &#8211; Tolima, creada con el objetivo de generar empleo y satisfacer la creciente demanda de soluciones de ventilación para todo tipo de industrias.</p><p><br></p><p>Actualmente contamos con sedes en Ibagué &#8211; Tolima y Bogotá D.C.</p>




Convertimos tus ideas en realidad

<p style="text-align: center; ">Somos un equipo multidisciplinario, especialmente conformado para satisfacer las necesidades específicas de nuestros clientes.</p><p style="text-align: center; ">Si tienes un proyecto de diseño, suministro, instalación o mantenimiento en alguna de nuestras categorías no dudes en contactarnos. Déjanos tus datos y pronto un asesor se comunicará para agendar una visita.</p>





Nuestra misión visión y objetivos



<p><span style="font-size: 14px">Satisfacer totalmente las necesidades de los clientes brindando un servicio con la mejor calidad, tiempo de respuesta y atención personalizada, mediante un excelente grupo de profesionales, técnicos y personal administrativo en el campo del aire acondicionado, ventilación mecánica y refrigeración comercial para garantizar el mejoramiento continuo.&nbsp;</span></p>


<p><span style="font-size: 14px">A 2029 ser líderes en el mercado nacional y ser reconocidos en el gremio HVAC como la mejor empresas de servicios debido a nuestras soluciones innovadoras, atención personalizada y la calidad de la asesoría entregada para garantizar la satisfacción de nuestros clientes en todos los proyectos.</span></p>


<p><span style="font-size: 14px"><b>Prontitud: </b>Ofrecemos prontitud y confianza a nuestros clientes disminuyendo al máximo el tiempo de respuesta de nuestros compromisos.</span></p><p><span style="font-size: 14px"><b>Labor:</b> Nuestra labor está dirigida con la más alta tecnología disponible en el mercado, contamos con proveedores de prestigio a nivel nacional e internacional.</span></p><p><span style="font-size: 14px"><b>Logros: </b>Lograr que las necesidades de mantenimiento de sistemas se cumplan de acuerdo a los cronogramas establecidos.</span></p>




















Testimonios





<p><span>«El servicio proporcionado por Sumservis fue oportuno y de muy buena calidad, me gustó que tienen especial cuidado con los terminados finales.»</span><span>.&nbsp;</span></p>


<p>«Encargamos la instalación de los equipos de aire acondicionado en nuestras oficinas con SUMSERVIS SAS y hemos tenido muy buena experiencia hasta ahora, sobre todo con el servicio posventa.»<br></p>


<p><span>«Estoy muy contenta con el mantenimiento de los cuartos fríos que encargamos a la empresa, Muchas gracias por su colaboración»</span></p>
